{"id":2,"date":"2024-08-30T10:30:46","date_gmt":"2024-08-30T08:30:46","guid":{"rendered":"http:\/\/10.3.30.65\/?page_id=2"},"modified":"2024-10-01T10:04:02","modified_gmt":"2024-10-01T08:04:02","slug":"przykladowa-strona","status":"publish","type":"page","link":"https:\/\/www.szkoleniebiblioteczne.umb.edu.pl\/?page_id=2","title":{"rendered":"ZAKO\u0143CZENIE SZKOLENIA \u2013 AKTYWACJA KONTA"},"content":{"rendered":"\t\t<div data-elementor-type=\"wp-page\" data-elementor-id=\"2\" class=\"elementor elementor-2\">\n\t\t\t\t<div class=\"elementor-element elementor-element-bbcfe3f e-flex e-con-boxed e-con e-parent\" data-id=\"bbcfe3f\" data-element_type=\"container\">\n\t\t\t\t\t<div class=\"e-con-inner\">\n\t\t\t\t<div class=\"elementor-element elementor-element-48fc49b4 elementor-widget elementor-widget-text-editor\" data-id=\"48fc49b4\" data-element_type=\"widget\" data-widget_type=\"text-editor.default\">\n\t\t\t\t<div class=\"elementor-widget-container\">\n\t\t\t\t\t\t\t\t\t<p><p><\/p>\n<div class=\"wpcf7 no-js\" id=\"wpcf7-f229-o1\" lang=\"pl-PL\" dir=\"ltr\" data-wpcf7-id=\"229\">\n<div class=\"screen-reader-response\">\n<p role=\"status\" aria-live=\"polite\" aria-atomic=\"true\">\n<ul><\/ul>\n<\/div>\n<form action=\"\/index.php?rest_route=%2Fwp%2Fv2%2Fpages%2F2#wpcf7-f229-o1\" method=\"post\" class=\"wpcf7-form init wpcf7-acceptance-as-validation\" aria-label=\"Contact form\" novalidate=\"novalidate\" data-status=\"init\">\n<fieldset class=\"hidden-fields-container\"><input type=\"hidden\" name=\"_wpcf7\" value=\"229\" \/><input type=\"hidden\" name=\"_wpcf7_version\" value=\"6.1.2\" \/><input type=\"hidden\" name=\"_wpcf7_locale\" value=\"pl_PL\" \/><input type=\"hidden\" name=\"_wpcf7_unit_tag\" value=\"wpcf7-f229-o1\" \/><input type=\"hidden\" name=\"_wpcf7_container_post\" value=\"0\" \/><input type=\"hidden\" name=\"_wpcf7_posted_data_hash\" value=\"\" \/><br \/>\n<\/fieldset>\n<p><label> Imi\u0119 i nazwisko (wymagane)<br \/>\n<span class=\"wpcf7-form-control-wrap\" data-name=\"your-name\"><input size=\"40\" maxlength=\"400\" class=\"wpcf7-form-control wpcf7-text wpcf7-validates-as-required\" aria-required=\"true\" aria-invalid=\"false\" value=\"\" type=\"text\" name=\"your-name\" \/><\/span> <\/label>\n<\/p>\n<p><label> Numer albumu (wymagane)<br \/>\n<span class=\"wpcf7-form-control-wrap\" data-name=\"your-subject\"><input size=\"40\" maxlength=\"400\" class=\"wpcf7-form-control wpcf7-text wpcf7-validates-as-required\" aria-required=\"true\" aria-invalid=\"false\" value=\"\" type=\"text\" name=\"your-subject\" \/><\/span> <\/label>\n<\/p>\n<p>Informacja o za\u0142o\u017ceniu konta oraz pierwsze has\u0142o zostanie wys\u0142ane na adres podany podczas rekrutacji.<br \/>\nZalecamy zmian\u0119 has\u0142a po logowaniu.\n<\/p>\n<p><span class=\"wpcf7-form-control-wrap\" data-name=\"checkbox-403\"><span class=\"wpcf7-form-control wpcf7-checkbox wpcf7-validates-as-required wpcf7-exclusive-checkbox\" id=\"ch1\"><span class=\"wpcf7-list-item first last\"><label><input type=\"checkbox\" name=\"checkbox-403\" value=\"O\u015bwiadczam, \u017ce zapozna\u0142em\/zapozna\u0142am si\u0119 z tre\u015bci\u0105 szkolenia\" \/><span class=\"wpcf7-list-item-label\">O\u015bwiadczam, \u017ce zapozna\u0142em\/zapozna\u0142am si\u0119 z tre\u015bci\u0105 szkolenia<\/span><\/label><\/span><\/span><\/span>\n<\/p>\n<p><span class=\"wpcf7-form-control-wrap\" data-name=\"checkbox-404\"><span class=\"wpcf7-form-control wpcf7-checkbox wpcf7-validates-as-required wpcf7-exclusive-checkbox\"><span class=\"wpcf7-list-item first last\"><label><input type=\"checkbox\" name=\"checkbox-404\" value=\"O\u015bwiadczam, \u017ce zapozna\u0142em\/zapozna\u0142am si\u0119 z tre\u015bci\u0105 regulaminu wypo\u017cycze\u0144\" \/><span class=\"wpcf7-list-item-label\">O\u015bwiadczam, \u017ce zapozna\u0142em\/zapozna\u0142am si\u0119 z tre\u015bci\u0105 regulaminu wypo\u017cycze\u0144<\/span><\/label><\/span><\/span><\/span>REGULAMIN WYPO\u017bYCZE\u0143\n<\/p>\n<p><span class=\"wpcf7-form-control-wrap\" data-name=\"checkbox-405\"><span class=\"wpcf7-form-control wpcf7-checkbox wpcf7-validates-as-required wpcf7-exclusive-checkbox\"><span class=\"wpcf7-list-item first last\"><label><input type=\"checkbox\" name=\"checkbox-405\" value=\"O\u015bwiadczam, \u017ce zapozna\u0142em\/zapozna\u0142am si\u0119 z tre\u015bci\u0105 RODO\" \/><span class=\"wpcf7-list-item-label\">O\u015bwiadczam, \u017ce zapozna\u0142em\/zapozna\u0142am si\u0119 z tre\u015bci\u0105 RODO<\/span><\/label><\/span><\/span><\/span><a href=\"https:\/\/biblioteka.umb.edu.pl\/index.php\/rodo-przetwarzanie-danych-osobowych-w-bg\/\">RODO<\/a>\n<\/p>\n<p><input class=\"wpcf7-form-control wpcf7-submit has-spinner\" type=\"submit\" value=\"Wy\u015blij\" \/>\n<\/p>\n<div class=\"wpcf7-response-output\" aria-hidden=\"true\"><\/div>\n<\/form>\n<\/div>\n<p><\/p>\n<\/p>\n<p><\/p>\n<p><\/p>\t\t\t\t\t\t\t\t<\/div>\n\t\t\t\t<\/div>\n\t\t\t\t\t<\/div>\n\t\t\t\t<\/div>\n\t\t\t\t<\/div>\n\t\t","protected":false},"excerpt":{"rendered":"","protected":false},"author":1,"featured_media":0,"parent":0,"menu_order":0,"comment_status":"closed","ping_status":"open","template":"","meta":{"_kad_post_transparent":"","_kad_post_title":"","_kad_post_layout":"","_kad_post_sidebar_id":"","_kad_post_content_style":"","_kad_post_vertical_padding":"","_kad_post_feature":"","_kad_post_feature_position":"","_kad_post_header":false,"_kad_post_footer":false,"footnotes":""},"class_list":["post-2","page","type-page","status-publish","hentry"],"_links":{"self":[{"href":"https:\/\/www.szkoleniebiblioteczne.umb.edu.pl\/index.php?rest_route=\/wp\/v2\/pages\/2","targetHints":{"allow":["GET"]}}],"collection":[{"href":"https:\/\/www.szkoleniebiblioteczne.umb.edu.pl\/index.php?rest_route=\/wp\/v2\/pages"}],"about":[{"href":"https:\/\/www.szkoleniebiblioteczne.umb.edu.pl\/index.php?rest_route=\/wp\/v2\/types\/page"}],"author":[{"embeddable":true,"href":"https:\/\/www.szkoleniebiblioteczne.umb.edu.pl\/index.php?rest_route=\/wp\/v2\/users\/1"}],"replies":[{"embeddable":true,"href":"https:\/\/www.szkoleniebiblioteczne.umb.edu.pl\/index.php?rest_route=%2Fwp%2Fv2%2Fcomments&post=2"}],"version-history":[{"count":10,"href":"https:\/\/www.szkoleniebiblioteczne.umb.edu.pl\/index.php?rest_route=\/wp\/v2\/pages\/2\/revisions"}],"predecessor-version":[{"id":2617,"href":"https:\/\/www.szkoleniebiblioteczne.umb.edu.pl\/index.php?rest_route=\/wp\/v2\/pages\/2\/revisions\/2617"}],"wp:attachment":[{"href":"https:\/\/www.szkoleniebiblioteczne.umb.edu.pl\/index.php?rest_route=%2Fwp%2Fv2%2Fmedia&parent=2"}],"curies":[{"name":"wp","href":"https:\/\/api.w.org\/{rel}","templated":true}]}}